ulate (16 - -23 - 44) + -32.
-37
Calculate (-44 - (-56 + 6)) + -40.
-34
2 + -25 + 45 + -120 + 108 - (-1 + 127)
-116
What is -6 - ((-21 - (-6 + -6)) + 9) - -123 - -9?
126
76 + -37 + -33 + -2 + (0 - -60)
64
20 - (10 - 1 - 15 - ((2 - -1) + -3))
26
What is (742 - 730) + 4 + -3 + -3 + -2 + 13?
21
What is -58 + 68 + -30 + 20?
0
6 - (-70 + 18) - 8 - (9 + 0 + 1)
40
(1 - 0) + 2 + -20 + 2 + -2 + 5
-12
What is the value of (41 - 138 - -121) + -113?
-89
Calculate -2 + 68 + -160 + 0 + 12.
-82
Calculate -16 - 5 - -10 - (-1 - (-36 - (2 + 1))).
-49
Evaluate 48 + (-8 - (6 + 16)).
18
What is -18 + -3 - -26 - (-3 + (-5 - -6) - 73)?
80
(-3 + -3 - 0) + 5 + -3 - (-319 + 221)
94
What is the value of 76 + -4 - (61 + (-54 - -7)) - -5?
63
(14 + 8 + -13 + -9 + -2 - 4) + -60
-66
-67 - (71 + -68 + 1)
-71
Evaluate -2 + -27 + 135 + 82 + -116.
72
Calculate -29 + 0 + (0 - 1 - (-12 - -14)).
-32
Calculate -7 + 4 + 17 + (-5 - -6 - 45).
-30
What is -44 + 2 + 30 + -27 + -5 + 16?
-28
(62 - 51) + (61 - 2) + 0 + -1 + -5
64
What is 20 - (-25 - -36 - -31) - (1 + -3 + -6)?
-14
(13 + -14 - 2 - -13) + (-3 - 1) + 35
41
Evaluate (5 - 3) + -27 + (-47 - (-10 - 46)).
-16
Calculate (-19 + 3 - -25) + -97 - (-2 + -6).
-80
What is the value of (7 - 0) + 4 + 20 + (17 - -20)?
68
What is (44 + 4 - 1) + 29 + (-29 + -1 - -10)?
56
Calculate (842 - 859) + (-1 - (17 + (1 - 4))).
-32
Calculate 50 - ((54 - (47 - -9)) + (0 - -10)).
42
5 + -26 + 5 + 17 + 12 + -4 - 6
3
2 + -9 + (-2 - -26 - 11)
6
What is 19 + -12 - 7 - (1 - 14)?
13
What is 62 + -49 + -114 + 24 + 0?
-77
What is -976 - -957 - (-31 + 9)?
3
Calculate (-7 - (-7 + (20 - 10))) + (-86 - -26).
-70
-43 + -1 - (812 - 850)
-6
Evaluate (2 - -3 - (-3 + 2)) + (27 + -24 - 0).
9
Calculate 26 + 3 - (11 + 12).
6
Evaluate 16 + (-214 + 73 - (-32 + 2)).
-95
Evaluate 9 - (-69 + 53) - 19.
6
-9 + (11 - 3 - (13 + 6) - (1 - 46))
25
Calculate -193 + 184 - ((1 - 28) + (13 - 9)).
14
Calculate -6 + (20 + -17 + 13 - 3).
7
Evaluate (1 - -10 - (-2 + -22 + 46 + -19)) + 75.
83
What is -29 + (-5 - -4) - (-186 + 156)?
0
Evaluate 43 - (-8 - (-42 + -32 + 18)).
-5
Evaluate 58 + -24 + 31 - 8.
57
Evaluate 22 + (1669 - 1670 - (36 + 1)).
-16
-2 + -8 - (-2 - 4 - -5) - (72 - 122)
41
What is 12 + 40 + (5 - 1) + 33 + -37?
52
Calculate -7 - (-6 + (12 - (15 + -12))) - (-76 + 1).
65
Calculate (29 - -6) + -15 - (27 - -26).
-33
-3 - (-33 - -40) - (1 - -53)
-64
Calculate -8 + -11 + (0 - -9 - 6).
-16
Calculate 2 + -1 - (49 - 30).
-18
Evaluate (1 - -44 - (7 + -11 - -27)) + 11.
33
Evaluate 9 + 8 + -9 + (2 - (63 + 5)).
-58
What is the value of (-352 - -374) + -72 + 3?
-47
What is 10 + -24 + 40 + -11?
15
What is the value of -109 - (10 + -86 + -47)?
14
Calculate (-10 - (-13 - -4)) + (-51 - -1) + -3 + 1.
-53
What is 21 - 12 - (3 + 46 + -2 + 2)?
-40
What is the value of (66 - (-2 + -40 + 29)) + -18?
61
Calculate (11 - ((62 - 65 - (-7 + 1)) + 93)) + 14.
-71
What is (-25 - 3) + 7 + -7 + 33 + -20?
-15
What is the value of -13 - (-5 - (67 - 24))?
35
Calculate (7 + -1 - (-30 - -33)) + -2 + -6 + 12.
7
What is the value of 35 + -8 - (17 + -19 + -43)?
72
Evaluate (-1 - -14 - 1) + 47 + -48 + -92 + 84.
3
Calculate -3 + -93 - -97 - -14.
15
What is -151 + 154 + -3 + 17 + -51?
-34
What is 70 + (-25 + 30 + -17 + 23 - 24)?
57
(41 - (12 + -1)) + (-50 - -91)
71
Calculate (73 - (6 + 6)) + -89 + 119.
91
Calculate 2 + -64 - (-1 - -19 - (-25 - -9 - -32)).
-64
Calculate -1 + -26 - (13 + -42 - -10).
-8
Evaluate (-4 - 0 - 3) + 30 + (-43 - -130).
110
Evaluate -4 - -6 - ((7 + 12 - (-5 - -14)) + 4).
-12
What is 99 + 20 + -52 + -14?
53
Calculate (-10 - 2) + -447 + 469 + -2.
8
Calculate 3 - (3 + 0 + 68 + -12 - -2).
-58
What is the value of 7 + (3 + (-6 - -12) + 6 - 53)?
-31
What is the value of 7 - (-130 + 128 + (-10 - 1) - -8)?
12
What is 109 + -116 - (-10 + -14 + 18) - (-1 - -20)?
-20
What is the value of (0 - -2) + 162 + -193 + (1 - -59)?
31
What is the value of -29 + -7 + 54 + 25?
43
Calculate -3 - (-26 - (-17 + -17)) - (-32 - -6).
15
What is the value of (-5 - 15 - -2) + 5 + -4 + 20?
3
Calculate -16 - (-8 + 16 + 13).
-37
Evaluate -10 + -1 + -4 + -262 + 155.
-122
Evaluate (1 - 49 - (-148 - -127)) + 13.
-14
What is the value of (0 - 25) + 24 + (-3 - 21) + 9?
-16
Evaluate -178 - -16 - (11 + -24 + 9 + -18).
-140
Evaluate -2 + -60 - (-25 + 36 - (24 + -12)).
-61
-1579 + 1630 + (-36 - 0)
15
What is the value of -16 + (-31 - (-45 - -30))?
-32
What is the value of 20 + 1 + (-4 - 5) + (-17 - 40)?
-45
What is 60 - (-86 + (127 - -146))?
-127
What is 5 + 47 + -89 + -4 + 1?
-40
Calculate -114 + 37 + 21 + 2.
-54
What is the value of 5 + -1 + 52 - (93 - 81)?
44
Calculate 78 + -71 + 35 - (130 + -2).
-86
What is the value of (128 - 123) + (10 - (-4 + 1) - 5 - -3)?
16
What is the value of -34 + -41 + 18 - (3 - ((0 - -3) + -3))?
-60
Calculate 44 + 0 - (-49 - -52) - -19.
60
Calculate (-1 - 13 - (213 - 238)) + -2.
9
Calculate 97 + 36 + -170 - -142.
105
Evaluate -64 - ((-1 - 16) + (3 - 3 - 3)).
-44
Calculate 13 - 0 - (-7599 - -7538).
74
What is the value of -108 - (45 - 119) - 49?
-83
Calculate (-67 - -116) + (-7 - (-47 + 5)).
84
Calculate (7 - 33) + 80 + -32 + -76.
-54
What is the value of 6 - ((86 - 13) + -5)?
-62
Evaluate (-139 - -50 - 2) + -22 + (3 - -2).
-108
0 - 50 - (1242 - 1290)
-2
What is the value of -761 + 768 - (-78 + -1 - 6)?
92
What is the value of -2 + (1 - (5 - ((21 - 9 - 7) + -11)))?
-12
What is the value of 656 + -671 + (-4 - (6 + -3)) + 0?
-22
Evaluate (45 - (-13 + 27)) + -48.
-17
What is the value of -214 - (65 - (165 - -38))?
-76
Calculate 4 + 70 + 16 + -47 + -21.
22
68 + -2 - (5 + 3 + 2 - (3 + -1))
58
Calculate -1 + (-5805 - -5800) + 2 + 2 + -19.
-21
Evaluate 4 - (13 + 29 + -4 + 3).
-37
What is the value of (-19 - 2) + (-5 + -5 - -45) - 88?
-74
Calculate 3 - (50 + -48 + -3 - (1 + -13)).
-8
Evaluate 12 + 91 + -70 + -139 + (1 - -1).
-104
Calculate (-56 - 0) + (93 + -98 - (7 + 0 + -8)).
-60
What is the value of -5 + 1 + (-53 + 75 - (0 - (-2 - -13)))?
29
What is 100 + (183 - (-61 - -211))?
133
What is (-41 - (108 + -131)) + (-36 - (-3 + 1))?
-52
What is (-21 + 36 - -1) + -30 - (2 - (2 - 6))?
-20
Calculate -44 - (-41 + 122 + -40) - (3 - (8 + -3)).
-83
What is the value of (10 + -66 - -48) + 0 + -70 + 12 + -8?
-74
What is the value of -101 - -64 - (-25 - 12 - -4)?
-4
Evaluate (0 + -40 - (192 + -226) - (-2 - 1)) + 46.
43
Evaluate (-2 - (105 + -12)) + 152.
57
Evaluate 29 + (5 - (-16 + 36)) + (1 - (-94 - 4)).
113
(-71 + 0 - (-3 + -5)) + 31
-32
15 + 0 + 8 + -277 + 258
4
Calculate 481 + -481 - (1 + 79).
-80
Calculate (-59 - -68) + (25 - (5 + -3 + -1)).
33
Evaluate -6 + (1 - 3) - (-821 + 813).
0
Calculate -24 + -40 - (-7 - ((20 - 9) + -4)).
-50
What is (3470 - 3591) + 1 + 68?
-52
What is (26 - (-14 + 61 + -17)) + -41?
-45
(10 - ((-9 - ((5 - -13) + -16)) + 32)) + 82
71
What is 6709 + -6711 + -1 + (0 - 10) + 0?
-13
Evaluate 874 + -872 - ((-4 - 0) + 7 - 0 - -10).
-11
Evaluate (8 - -14) + (-8 - -27) + -33.
8
Evaluate 95 + (-22 + -18 + 29 - -30) - (9 + -2).
107
What is the value of -69 + (11 - 20) + -150 + 141?
-87
What is the value of (2 - (-1 - 6)) + (71 - 80) + -40 + -16?
-56
12 - (20 + (-4 - (9 + -15 + 9)))
-1
Evaluate 55 + 31 + (-32 - 5).
49
Evaluate -14 - -29 - (21 - (1 + -4)) - (2 + -10).
-1
What is the value of 118 - (-103 - (-35 + -109))?
77
What is the value of -1509 - -1564 - (-1 + 11)?
45
What is (7 - (5 + -19 + 9 - -3)) + -24?
-15
Evaluate (255 + -61 - 187) + (0 - (11 + 1)).
-5
-116 - (-58 - -129) - -129
-58
What is the value of 18 + -5 - (-3 + (-7 - 1) - (7 + -13))?
18
What is -5078 - -5133 - (6 + 0 + 1)?
48
Evaluate (-16 - (72 - 70)) + (-2 - 56 - -4).
-72
Calculate (-8 - (0 + -1)) + 5 + (-13 - -8 - 10).
-17
What is 3 + -14 + 25 - (92 - (2 + 16))?
-60
What is (-4 - 67) + (0 - 22) + (17 - 26 - -19)?
-83
What is the value of (44 + -22 - 18) + 1 + 1?
6
Calculate 127 + 2 + 2 - (190 + -574 - -389).
126
Evaluate (5 - (-10 + -12) - 36) + -27.
-36
Evaluate -1 + (5 - 12) + (14 + -3 - 10 - 37).
-44
Calculate (88 - 1 - (2 + -2)) + (121 + -84 - 43).
81
Calculate -97 + 78 - -117 - 199.
-101
Calculate 24 + 54 + -105 + 11.
-16
What is the value of -2 - (-8 + 7 + 0 - (-19 + 18))?
-2
(-3 - -15) + (21 + -17 + 1 - 13) - 84
-80
What is -52 - (50 + -105 - -26)?
-23
Evaluate 44 - (-36 - (-9 - 24)).
47
Evaluate 1 + 4 + (42 + -108 + 43 - 41).
-59
What